 + 23)?
-25
Calculate 15 + -25 - 3 - -35.
22
22 + -23 + 22 + -22
-1
4 + -7 + 2 + 0 - -1 - 5
-5
What is (11 - (18 + (-3 - 8))) + 3?
7
Calculate (-7 + -2 - 1) + (-346 - -347).
-9
(33 - 32) + 2 + -9 - -9
3
Calculate (6 + -34 - -32) + -2 + 8.
10
32 + -54 + 15 - (2 + -12)
3
What is the value of -5 + (1 - 0) - (125 - 136)?
7
Calculate (8 - 10 - (-6 - -1)) + (27 - 39).
-9
What is -2 + -8 + (-6 - 14 - -50)?
20
Calculate 1 - 1 - 1 - (-22 - (57 + -76)).
2
Calculate 6 + -7 - (6 + 7 + -5) - 3.
-12
Evaluate 40 + -60 + 32 + (1 - 23).
-10
Calculate 11 - (-8 + 17 + 0) - 4.
-2
Calculate -13 + 22 + -23 + (18 - 9).
-5
11 + -13 + -11 - -22 - 10
-1
Evaluate -24 - (6 + 1 + 294 + -298).
-27
Evaluate -10 - ((10 - 9) + 2) - -10.
-3
Evaluate -4 - (5 + (4 - 0) - 1).
-12
Evaluate -1 + 1 + -10 + 9.
-1
What is (5 + -2 - 10 - -10) + 10?
13
What is the value of 6 - -1 - ((-35 - -24) + (36 - -3))?
-21
What is 0 - (-14 + 20 + -17)?
11
Calculate -22 + 5 - (-9 + -15).
7
What is the value of 22 + (10 - 20) - (44 - 3)?
-29
Calculate -5 - -2 - (31 + -26) - -7.
-1
(-12 + 18 - -4) + -15
-5
-5 + (-3 - 5) + 24 + -1
10
What is (-22 - -50) + -43 + -9?
-24
Evaluate (-1 - -8) + 5 + 4 + -7 + 9.
18
What is 2 + 7 + -5 - (1 + 1 + -11)?
13
Evaluate (3 + 8 - 3) + (-6 - 0).
2
Calculate -13 + (1 - (11 - 26)) + 10.
13
0 + -2 + 2 - 6 - (151 - 166)
9
What is the value of 2 - (-3 + 5) - (0 + (-2 - -4))?
-2
-22 + 3 - (133 + -144)
-8
What is the value of 1 + 16 + -83 + 8 + 57?
-1
Evaluate 21 - (-2 - -3 - (0 + (-23 - -18))).
15
What is the value of 14 + (7 - 0 - 15 - -8 - -1)?
15
What is the value of -10 + -10 + (4 - -4) - -4 - 8?
-16
Calculate (-7 - -11 - (-28 - -72)) + (-1 - 0).
-41
Calculate 32 - -5 - (74 - 21).
-16
-8 + 11 + 8 + -14 + 2
-1
Calculate (-1 - 2) + -2 - (25 + (-75 - -41)).
4
Calculate 29 + 25 + -72 + 26.
8
What is the value of 20 - (5 - ((9 - 9 - -10) + -16))?
9
Evaluate 9 + -2 + 10 + 2 + (-6 - -1).
14
What is the value of 40 - 20 - (10 - 0)?
10
Calculate -8 + (-15 - -21 - (-11 + -2)).
11
Evaluate (1 - -3) + 1 + 7 + -12 - 4.
-4
What is 20 + 0 + 1 + 6 + -6 + -1?
20
What is 12 + -13 + -2 + -9 + 1?
-11
Calculate -1 + (-10 + (26 - -5) - 16).
4
What is -4 + (-1 - 7 - -4)?
-8
What is 5 + -4 - -1 - (-2 + -7 + -1)?
12
Calculate (1 - (-9 + 8)) + (-22 - -6).
-14
28 - (-23 + (34 - -34))
-17
What is -54 + 58 - (2 - (-1 - -2))?
3
What is -20 + (1 + -15 + 6 + 3 - -7)?
-18
5 - 0 - (15 + -2 + -10)
2
What is 11 + 15 + -9 + -24?
-7
(4 - -20) + -11 - 23
-10
0 + -3 - (-21 - -8 - -33) - -5
-18
Calculate 6 - -14 - (10 - -2).
8
Evaluate 23 + 2 - (67 + -46).
4
(-492 - -488) + (20 - 1)
15
What is 19 + 0 - (71 - 64)?
12
(-5 - (1 + -12 + 1)) + -14
-9
(-20 - -20) + 11 - (11 + -1)
1
(-2 + -4 - (-15 - -2)) + (7 - 6)
8
2 + (-18 - (-5 - (9 - 7)) - 0)
-9
What is -10 - (26 + -11) - -11?
-14
What is -31 - (-36 + 56 + -38)?
-13
What is 93 + -102 - (-8 + -1)?
0
Evaluate -143 - -144 - (-12 - 0).
13
What is (-8 - (-13 + 15)) + 21?
11
Calculate 4 + 7 - (7 + -5 - 3 - 0).
12
Evaluate 17 + 0 - (-55 + 63).
9
What is the value of (-12 - (-14 + 2 + (8 - 3))) + 7?
2
(-5 - 17) + 14 - -17
9
Evaluate -4 - (-3 + 3 + 2 - (17 + -24)).
-13
-10 + (0 + -7 + 0 - -2)
-15
What is 1 + -7 + 5 + -1 + 26?
24
What is 5 + 19 + -10 + 6 + -6?
14
Calculate -7 - (2 - -23) - -20.
-12
What is the value of 5 - (27 + -1 + -6)?
-15
What is the value of -29 + -5 + 13 + 7?
-14
What is 4 - (-3 - 1 - -13) - (-23 + 11)?
7
18 + -22 + 55 - 28
23
(-7 - -6) + (-3 - 6 - 7)
-17
Evaluate -22 - (8 + (-15 - 15)).
0
Calculate 34 - (-14 + 3 - -24).
21
(-29 - -31) + (-1 - (-12 - 0))
13
What is the value of (6 - -1 - 2) + -10 + (0 - 6)?
-11
What is the value of 0 - (-21 + -26 + 50) - (-11 - 0)?
8
Calculate 1357 - 1332 - (34 - -1).
-10
What is the value of -7 + 22 + (6 - 11)?
10
What is 22 + (-4 - (16 + -9))?
11
Calculate (-8 - 5) + -3 + 18.
2
What is 0 + 3 - (5 + -8 + 10) - -7?
3
Evaluate 3 + 0 + 1 + 0 - (-93 - -100).
-3
Calculate -5 - (0 + 4) - (4 - 7).
-6
Evaluate 10 + (-4 + 20 - (7 + (-6 - -5))).
20
What is 16 - -30 - 45 - (-2 + 4 - -4)?
-5
Calculate -6 + (7 - (-3 - (2 - 2))).
4
19 - ((-20 + -15 - -8) + 8)
38
What is 22 - ((0 - (8 + -8)) + 8)?
14
What is the value of -6 + 10 + -15 - (5 + -16)?
0
0 + 2 + (95 - 87)
10
What is the value of -1 - (-12 + 23) - (2 - 11)?
-3
Calculate -9 - (-4 - 6) - 0.
1
What is (159 - 161) + 0 + -1 - (-23 + 1)?
19
Calculate -4 + 4 - -4 - (-15 - -8).
11
What is the value of (-6 - (5 - 7)) + -10?
-14
11 + 0 - 3 - -8
16
-24 + 24 + -31 + 34
3
Evaluate -17 + (-7 - -15) - -23.
14
Calculate -14 + (-16 - -20 - (6 - 0)).
-16
What is the value of -3 + (9 - (-2 - -8))?
0
(-21 - 21 - -23) + 38
19
Evaluate 0 + 3 - (-18 - (-5 - 13 - -2)).
5
What is the value of (4 - ((-6 - -2) + 12)) + 2?
-2
5 + 2 - (300 - 280)
-13
What is the value of 2 + (5 + 3 - -6)?
16
What is 4 + ((3 + -8 - -10) + -15 - 7)?
-13
Calculate (13 - 15) + -20 + 37.
15
What is the value of -12 - (3 + 3 + 9 - 6)?
-21
-4 + (4 - (11 - (-1 + (0 - -4))))
-8
Calculate -44 - (14 - 22) - -21.
-15
What is 10 + (-6 - (6 - 9 - -12))?
-5
-7 + (-21 - -11) + (-4 - -8)
-13
What is the value of -125 + 130 + (-2 - -9)?
12
Calculate 11 - (5 + -4 + -1) - 20.
-9
Evaluate 2 + -18 + 2 - (864 - 861).
-17
Evaluate 18 - (-2 + (10 - 3) + 3).
10
27 - (34 - -15) - (1 + -6)
-17
Calculate -47 - (-22 - (-36 + 31)).
-30
Calculate 40 - (100 + -19 + -13).
-28
What is the value of -7 - (3 + (-7 - (4 - -4 - 6)))?
-1
Evaluate 6 - (-7 + (-5 - (-8 + 0))).
10
Calculate 12 + (-2 - -16) + -19.
7
Calculate -5 + -8 + (-8 - (-7 - 11)) + -4.
-7
What is the value of 4 - (-12 - -45) - -16?
-13
What is the value of 1 + 0 - 3 - ((-5 - 1) + 10)?
-6
What is 21 + -6 + -5 - 23 - (-1 + 2)?
-14
Calculate 14 - (4 - -6) - (7 + -7 + -2).
6
Calculate -10 + -8 + 15 - 6.
-9
-3 + 29 + -21 + 15
20
What is the value of -1 - (-27 - -28 - -20)?
-22
What is -1 - ((8 - (2 + 1)) + -1) - -17?
12
-2 + 1 + -5 + 0 + (39 - 11)
22
Evaluate (25 - 9) + (5 - (3 - 2)).
20
Evaluate -12 + 14 + -9 + 6.
-1
Evaluate 237 + -248 - (0 + 3 + -14).
0
-3 - ((-9 - -11) + -7)
2
Calculate (-7 - (7 - (-9 + 22))) + 8.
7
-54 + 40 + 5 + (-5 - -4)
-10
What is the value of 3 - 39 - (17 - 41)?
-12
Calculate 240 + -275 - (-1 + -5 + 3 - 3).
-29
(8 - (-11 + 8)) + 12 + -11
12
Calculate 36 + -20 - (-6 - -32).
-10
What is the value of 3 + -8 + 6 + -6 + 2 + 11?
8
What is -16 + 16 + (23 - 12)?
11
(-2 - (12 + -2 - 11)) + -12
-13
What is the value of 11 - (22 + -37 + 24)?
2
What is -2 + 3 + -9 + 11 + -14?
-11
(3 - (-49 + 0)) + -416 + 397
33
Evaluate -5 + 2 - -4 - (-24 + 20) - -3.
8
What is the value of -17 + -12 + (18 - (0 - -5))?
-16
(-1 - 0) + 0 + -6 + -4
-11
Calculate -224 + 191 + (2 - (2 - 1)).
-32
What is the value of -2 - 11 - (-13 + 2)?
-2
What is the value of -2 + -15 - -17 - 10?
-10
What is 7 - ((-6 - (-1 + -1)) + 9 - -3)?
-1
What is the value of 22 + -16 - (-14 - -8 - (-16 + -2))?
-6
What is 8 - 10 - (29 - 48)?
17
Evaluate 2 + (-1 - 4) + (-5 + 2 - -5).
-1
-16 + (5 + 9 - 10)
-12
Calculate 2 + -4 + (-14 - 20) + 10.
-26
What is (7 - 7) + -3 - (11 - 27)?
13
Evaluate 11 + (-21 - (17 + -31)).
4
What is the value of 5 + -17 + 5 - (-5 + -9)?
7
What is the value of (-45 - (-50 + 11)) + 4?
-2
What is -32 + 16 + 18 + 5 + -3?
4
Evaluate (10 - (-9 + 31 + -9)) + -1 + -21.
-25
What is -13 - (-10 - (12 + 1))?
10
59 - 73 - (-1 - (5 + -1))
-9
Evaluate -7 + 1 + (-32 - (-2 - 28)) - -23.
15
Evaluate -40 + 25 - (-4 - 15).
4
Evaluate 178 + -166 + (-21 - -2) + 2.
-5
What is the value of -11 + 3 + 127 + -145?
-26
Calculate 10 + 6 + -7 + 9 + -9.
9
Evaluate (13 - (-12 + (26 - 8))) + -10 + -1.
-4
What is (-5 - 2) + 16 - (-1 + 11)?
-1
What is -1 + 2 - (-8 + (-3 + 6 - 4))?
10
What is (-5 + 18 - 8) + -1 + -13?
-9
Calculate (12 - -9) + -22 - -3.
2
Evaluate 67 + -70 - ((-5 - -1) + -4 + 4).
1
What is -9 - 33 - -23 - -18?
-1
What is (-113 - -103) + (-1 - (-4 + 1))?
-8
Calculate 20 - (-7 - (-1 - 20)).
6
5 - (13 - 25) - (-1 + 9)
9
27 + 4 + 20 + -33
18
Calculate (1 - 15) + (5 - 0) - -8.
-1
Evaluate (17 - -1) + 11 + 2 + -20 + 2.
13
What is the value of (-218 - -201) + (14 - 0)?
-3
What is -14 - -12 - (3 + -2 - -8)?
-11
Evaluate -1 + -7 + 1 + -6 - -4.
-9
Calculate (-1 - -12) + (20 - (29 - 16)) - 1.
17
Evaluate (27 - 3) + (-142 - -97).
-21
Evaluate -6 - (5 + -23 + 12).
0
(3 - (16 - 12)) + 10 + 4
13
-20 - (-22 + 6 + 7 - (2 + -12))
-